/home/brandsfa/access-logs/bigshoponly.com.brandsfactorybd.xyz-ssl_log
66.249.68.33 - - [10/Dec/2025:15:22:42 +0600] "GET /ammika.php?shop/monozoan/interresist6618334884.html HTTP/1.1" 404 5052 "-" "Mozilla/5.0 (compatible; Googlebot/2.1; +http://www.google.com/bot.html)"
64.225.23.107 - - [10/Dec/2025:15:24:06 +0600] "GET / HTTP/2" 200 14145 "-" "Mozilla/5.0 (Macintosh; Intel Mac OS X 10_15_7) AppleWebKit/537.36 (KHTML, like Gecko) Chrome/131.0.0.0 Safari/537.36 Edg/131.0.0.0"
66.249.68.33 - - [10/Dec/2025:15:29:08 +0600] "GET /ammika.php?shop/sager/timazite21681357383.html HTTP/1.1" 404 5052 "-" "Mozilla/5.0 (compatible; Googlebot/2.1; +http://www.google.com/bot.html)"
66.249.68.34 - - [10/Dec/2025:15:29:22 +0600] "GET /ammika.php?shop/coverup/conyza2067194600.html HTTP/1.1" 404 5052 "-" "Mozilla/5.0 (Linux; Android 6.0.1; Nexus 5X Build/MMB29P) AppleWebKit/537.36 (KHTML, like Gecko) Chrome/141.0.7390.122 Mobile Safari/537.36 (compatible; Googlebot/2.1; +http://www.google.com/bot.html)"
66.249.68.33 - - [10/Dec/2025:15:29:28 +0600] "GET /ammika.php?shop/amazona/barotropy2346522883.html HTTP/1.1" 404 5052 "-" "Mozilla/5.0 (Linux; Android 6.0.1; Nexus 5X Build/MMB29P) AppleWebKit/537.36 (KHTML, like Gecko) Chrome/141.0.7390.122 Mobile Safari/537.36 (compatible; Googlebot/2.1; +http://www.google.com/bot.html)"
66.249.68.33 - - [10/Dec/2025:15:29:55 +0600] "GET /?i=60332245657203 HTTP/1.1" 200 14150 "-" "Mozilla/5.0 (Linux; Android 6.0.1; Nexus 5X Build/MMB29P) AppleWebKit/537.36 (KHTML, like Gecko) Chrome/141.0.7390.122 Mobile Safari/537.36 (compatible; Googlebot/2.1; +http://www.google.com/bot.html)"
66.249.68.34 - - [10/Dec/2025:15:33:17 +0600] "GET /ammika.php?shop/swilkie/secluse21681210774.html HTTP/1.1" 404 5052 "-" "Mozilla/5.0 (Linux; Android 6.0.1; Nexus 5X Build/MMB29P) AppleWebKit/537.36 (KHTML, like Gecko) Chrome/141.0.7390.122 Mobile Safari/537.36 (compatible; Googlebot/2.1; +http://www.google.com/bot.html)"
66.249.68.33 - - [10/Dec/2025:15:33:42 +0600] "GET /ammika.php?shop/orbitally/lithographs66183277965.html HTTP/1.1" 404 5052 "-" "Mozilla/5.0 (Linux; Android 6.0.1; Nexus 5X Build/MMB29P) AppleWebKit/537.36 (KHTML, like Gecko) Chrome/141.0.7390.122 Mobile Safari/537.36 (compatible; Googlebot/2.1; +http://www.google.com/bot.html)"
66.249.68.35 - - [10/Dec/2025:15:34:40 +0600] "GET /?i=10268286792902 HTTP/1.1" 200 14118 "-" "Mozilla/5.0 (compatible; Googlebot/2.1; +http://www.google.com/bot.html)"
66.249.68.34 - - [10/Dec/2025:15:39:54 +0600] "GET /ammika.php?shop/pelycometer/objurgatorily66183104972.html HTTP/1.1" 404 5052 "-" "Mozilla/5.0 (Linux; Android 6.0.1; Nexus 5X Build/MMB29P) AppleWebKit/537.36 (KHTML, like Gecko) Chrome/141.0.7390.122 Mobile Safari/537.36 (compatible; Googlebot/2.1; +http://www.google.com/bot.html)"
66.249.68.34 - - [10/Dec/2025:15:39:58 +0600] "GET /ammika.php?shop/excruciatingness/denunciate66183436929.html HTTP/1.1" 404 5052 "-" "Mozilla/5.0 (compatible; Googlebot/2.1; +http://www.google.com/bot.html)"
66.249.68.35 - - [10/Dec/2025:15:41:05 +0600] "GET /ammika.php?shop/spor/poeticalness60377424787.html HTTP/1.1" 404 5052 "-" "Mozilla/5.0 (Linux; Android 6.0.1; Nexus 5X Build/MMB29P) AppleWebKit/537.36 (KHTML, like Gecko) Chrome/141.0.7390.122 Mobile Safari/537.36 (compatible; Googlebot/2.1; +http://www.google.com/bot.html)"
66.249.68.35 - - [10/Dec/2025:15:42:27 +0600] "GET /?i=77870217617408 HTTP/1.1" 200 14144 "-" "Mozilla/5.0 (Linux; Android 6.0.1; Nexus 5X Build/MMB29P) AppleWebKit/537.36 (KHTML, like Gecko) Chrome/141.0.7390.122 Mobile Safari/537.36 (compatible; Googlebot/2.1; +http://www.google.com/bot.html)"
66.249.68.35 - - [10/Dec/2025:15:45:22 +0600] "GET /ammika.php?shop/disaffirmative/moonily2168173101.html HTTP/1.1" 404 5052 "-" "Mozilla/5.0 (compatible; Googlebot/2.1; +http://www.google.com/bot.html)"
64.225.50.3 - - [10/Dec/2025:15:45:34 +0600] "GET /brands HTTP/2" 200 12598 "-" "Mozilla/5.0 (Macintosh; Intel Mac OS X 10_15_7) AppleWebKit/537.36 (KHTML, like Gecko) Chrome/124.0.0.0 Safari/537.36"
66.249.68.34 - - [10/Dec/2025:15:46:23 +0600] "GET /ammika.php?shop/lubberland/flotation23465380912.html HTTP/1.1" 404 5052 "-" "Mozilla/5.0 (Linux; Android 6.0.1; Nexus 5X Build/MMB29P) AppleWebKit/537.36 (KHTML, like Gecko) Chrome/141.0.7390.122 Mobile Safari/537.36 (compatible; Googlebot/2.1; +http://www.google.com/bot.html)"
66.249.68.33 - - [10/Dec/2025:15:47:33 +0600] "GET /ammika.php?shop/paleophytology/superdomineering36401276193.html HTTP/1.1" 404 5052 "-" "Mozilla/5.0 (compatible; Googlebot/2.1; +http://www.google.com/bot.html)"
66.249.68.33 - - [10/Dec/2025:15:49:26 +0600] "GET /?i=23108136339300 HTTP/1.1" 200 14155 "-" "Mozilla/5.0 (Linux; Android 6.0.1; Nexus 5X Build/MMB29P) AppleWebKit/537.36 (KHTML, like Gecko) Chrome/141.0.7390.122 Mobile Safari/537.36 (compatible; Googlebot/2.1; +http://www.google.com/bot.html)"
66.249.68.33 - - [10/Dec/2025:15:51:34 +0600] "GET /ammika.php?shop/siddhartha/lawful27430489302.html HTTP/1.1" 404 5052 "-" "Mozilla/5.0 (compatible; Googlebot/2.1; +http://www.google.com/bot.html)"
66.249.68.35 - - [10/Dec/2025:15:52:01 +0600] "GET /ammika.php?shop/buoyances/uprootals21681436497.html HTTP/1.1" 404 5052 "-" "Mozilla/5.0 (compatible; Googlebot/2.1; +http://www.google.com/bot.html)"
66.249.68.34 - - [10/Dec/2025:15:52:05 +0600] "GET /ammika.php?shop/nonbiliously/apocryphate60377220763.html HTTP/1.1" 404 5052 "-" "Mozilla/5.0 (compatible; Googlebot/2.1; +http://www.google.com/bot.html)"
66.249.68.33 - - [10/Dec/2025:15:52:19 +0600] "GET /ammika.php?shop/unvoyaging/naphthylene23465127067.html HTTP/1.1" 404 5052 "-" "Mozilla/5.0 (compatible; Googlebot/2.1; +http://www.google.com/bot.html)"
66.249.68.35 - - [10/Dec/2025:16:01:16 +0600] "GET /?i=227874399406 HTTP/1.1" 200 14153 "-" "Mozilla/5.0 (compatible; Googlebot/2.1; +http://www.google.com/bot.html)"
159.203.173.188 - - [10/Dec/2025:16:03:52 +0600] "GET /return-policy HTTP/2" 200 12323 "-" "Mozilla/5.0 (Macintosh; Intel Mac OS X 10.15; rv:136.0) Gecko/20100101 Firefox/136.0"
45.55.65.17 - - [10/Dec/2025:16:11:27 +0600] "GET /customer/auth/sign-up HTTP/2" 200 13529 "-" "Mozilla/5.0 (Macintosh; Intel Mac OS X 10_15_7) AppleWebKit/537.36 (KHTML, like Gecko) Chrome/124.0.0.0 Safari/537.36"
66.249.68.33 - - [10/Dec/2025:16:13:57 +0600] "GET /ammika.php?shop/conphaseolin/wops2855753866.html HTTP/1.1" 404 5052 "-" "Mozilla/5.0 (Linux; Android 6.0.1; Nexus 5X Build/MMB29P) AppleWebKit/537.36 (KHTML, like Gecko) Chrome/141.0.7390.122 Mobile Safari/537.36 (compatible; Googlebot/2.1; +http://www.google.com/bot.html)"
66.249.68.34 - - [10/Dec/2025:16:13:59 +0600] "GET /ammika.php?shop/gibli/polypomorpha2067117347.html HTTP/1.1" 404 5052 "-" "Mozilla/5.0 (compatible; Googlebot/2.1; +http://www.google.com/bot.html)"
66.249.68.33 - - [10/Dec/2025:16:14:04 +0600] "GET /?i=02896166090701 HTTP/1.1" 200 14143 "-" "Mozilla/5.0 (compatible; Googlebot/2.1; +http://www.google.com/bot.html)"
66.249.68.33 - - [10/Dec/2025:16:14:10 +0600] "GET /?i=19207148150300 HTTP/1.1" 200 14123 "-" "Mozilla/5.0 (compatible; Googlebot/2.1; +http://www.google.com/bot.html)"
66.249.68.33 - - [10/Dec/2025:16:14:12 +0600] "GET /?i=78875180379902 HTTP/1.1" 200 14118 "-" "Mozilla/5.0 (Linux; Android 6.0.1; Nexus 5X Build/MMB29P) AppleWebKit/537.36 (KHTML, like Gecko) Chrome/141.0.7390.122 Mobile Safari/537.36 (compatible; Googlebot/2.1; +http://www.google.com/bot.html)"
66.249.68.33 - - [10/Dec/2025:16:14:23 +0600] "GET /ammika.php?shop/starky/pyeloureterogram28557105559.html HTTP/1.1" 404 5052 "-" "Mozilla/5.0 (compatible; Googlebot/2.1; +http://www.google.com/bot.html)"
66.249.68.33 - - [10/Dec/2025:16:14:35 +0600] "GET /ammika.php?shop/reguiding/acanthological20671276142.html HTTP/1.1" 404 5052 "-" "Mozilla/5.0 (Linux; Android 6.0.1; Nexus 5X Build/MMB29P) AppleWebKit/537.36 (KHTML, like Gecko) Chrome/141.0.7390.122 Mobile Safari/537.36 (compatible; Googlebot/2.1; +http://www.google.com/bot.html)"
66.249.68.33 - - [10/Dec/2025:16:14:39 +0600] "GET /ammika.php?shop/comonomer/underrower4442694248.html HTTP/1.1" 404 5052 "-" "Mozilla/5.0 (compatible; Googlebot/2.1; +http://www.google.com/bot.html)"
66.249.68.35 - - [10/Dec/2025:16:16:19 +0600] "GET /?i=07686236415604 HTTP/1.1" 200 14144 "-" "Mozilla/5.0 (compatible; Googlebot/2.1; +http://www.google.com/bot.html)"
66.249.68.34 - - [10/Dec/2025:16:17:42 +0600] "GET /ammika.php?shop/pedalium/shrug60377425832.html HTTP/1.1" 404 5052 "-" "Mozilla/5.0 (compatible; Googlebot/2.1; +http://www.google.com/bot.html)"
66.249.68.34 - - [10/Dec/2025:16:22:19 +0600] "GET /?i=29180109990601 HTTP/1.1" 200 14121 "-" "Mozilla/5.0 (compatible; Googlebot/2.1; +http://www.google.com/bot.html)"
66.249.68.33 - - [10/Dec/2025:16:22:36 +0600] "GET /ammika.php?shop/undejectedly/alkaloid28557196233.html HTTP/1.1" 404 5052 "-" "Mozilla/5.0 (compatible; Googlebot/2.1; +http://www.google.com/bot.html)"
66.249.68.33 - - [10/Dec/2025:16:22:54 +0600] "GET /ammika.php?shop/omar/spool66183207863.html HTTP/1.1" 404 5052 "-" "Mozilla/5.0 (Linux; Android 6.0.1; Nexus 5X Build/MMB29P) AppleWebKit/537.36 (KHTML, like Gecko) Chrome/141.0.7390.122 Mobile Safari/537.36 (compatible; Googlebot/2.1; +http://www.google.com/bot.html)"
66.249.68.33 - - [10/Dec/2025:16:26:20 +0600] "GET /ammika.php?shop/bard/wickyup23465240734.html HTTP/1.1" 404 5052 "-" "Mozilla/5.0 (Linux; Android 6.0.1; Nexus 5X Build/MMB29P) AppleWebKit/537.36 (KHTML, like Gecko) Chrome/141.0.7390.122 Mobile Safari/537.36 (compatible; Googlebot/2.1; +http://www.google.com/bot.html)"
66.249.68.35 - - [10/Dec/2025:16:32:31 +0600] "GET /ammika.php?shop/joyhouse/oversshot28557223307.html HTTP/1.1" 404 5052 "-" "Mozilla/5.0 (compatible; Googlebot/2.1; +http://www.google.com/bot.html)"
66.249.68.34 - - [10/Dec/2025:16:32:56 +0600] "GET /ammika.php?shop/continuant/brangle4926783597.html HTTP/1.1" 404 5052 "-" "Mozilla/5.0 (compatible; Googlebot/2.1; +http://www.google.com/bot.html)"
66.249.68.35 - - [10/Dec/2025:16:33:13 +0600] "GET /ammika.php?shop/prolamin/nonsymbolically603779681.html HTTP/1.1" 404 5052 "-" "Mozilla/5.0 (Linux; Android 6.0.1; Nexus 5X Build/MMB29P) AppleWebKit/537.36 (KHTML, like Gecko) Chrome/141.0.7390.122 Mobile Safari/537.36 (compatible; Googlebot/2.1; +http://www.google.com/bot.html)"
66.249.68.33 - - [10/Dec/2025:16:33:32 +0600] "GET /?i=7271053945403 HTTP/1.1" 200 14154 "-" "Mozilla/5.0 (Linux; Android 6.0.1; Nexus 5X Build/MMB29P) AppleWebKit/537.36 (KHTML, like Gecko) Chrome/141.0.7390.122 Mobile Safari/537.36 (compatible; Googlebot/2.1; +http://www.google.com/bot.html)"
66.249.68.33 - - [10/Dec/2025:16:34:51 +0600] "GET /ammika.php?shop/scybala/brockish66183177790.html HTTP/1.1" 404 5052 "-" "Mozilla/5.0 (compatible; Googlebot/2.1; +http://www.google.com/bot.html)"
66.249.68.35 - - [10/Dec/2025:16:35:44 +0600] "GET /ammika.php?shop/diluviums/uninebriated60377119443.html HTTP/1.1" 404 5052 "-" "Mozilla/5.0 (Linux; Android 6.0.1; Nexus 5X Build/MMB29P) AppleWebKit/537.36 (KHTML, like Gecko) Chrome/141.0.7390.122 Mobile Safari/537.36 (compatible; Googlebot/2.1; +http://www.google.com/bot.html)"
66.249.68.34 - - [10/Dec/2025:16:36:23 +0600] "GET /ammika.php?shop/musal/mutationism36401451739.html HTTP/1.1" 404 5052 "-" "Mozilla/5.0 (compatible; Googlebot/2.1; +http://www.google.com/bot.html)"
66.249.68.34 - - [10/Dec/2025:16:36:34 +0600] "GET /ammika.php?shop/stretchability/crunching44426406937.html HTTP/1.1" 404 5052 "-" "Mozilla/5.0 (Linux; Android 6.0.1; Nexus 5X Build/MMB29P) AppleWebKit/537.36 (KHTML, like Gecko) Chrome/141.0.7390.122 Mobile Safari/537.36 (compatible; Googlebot/2.1; +http://www.google.com/bot.html)"
66.249.68.33 - - [10/Dec/2025:16:37:11 +0600] "GET /?i=4977852901201 HTTP/1.1" 200 14167 "-" "Mozilla/5.0 (Linux; Android 6.0.1; Nexus 5X Build/MMB29P) AppleWebKit/537.36 (KHTML, like Gecko) Chrome/141.0.7390.122 Mobile Safari/537.36 (compatible; Googlebot/2.1; +http://www.google.com/bot.html)"
66.249.68.34 - - [10/Dec/2025:16:37:33 +0600] "GET /ammika.php?shop/tragicomic/peripatetian21681336663.html HTTP/1.1" 404 5052 "-" "Mozilla/5.0 (compatible; Googlebot/2.1; +http://www.google.com/bot.html)"
66.249.68.33 - - [10/Dec/2025:16:37:43 +0600] "GET /?i=65786193147705 HTTP/1.1" 200 14161 "-" "Mozilla/5.0 (compatible; Googlebot/2.1; +http://www.google.com/bot.html)"
66.249.68.35 - - [10/Dec/2025:16:38:06 +0600] "GET /ammika.php?shop/brainpan/trichophytia60377394195.html HTTP/1.1" 404 5052 "-" "Mozilla/5.0 (Linux; Android 6.0.1; Nexus 5X Build/MMB29P) AppleWebKit/537.36 (KHTML, like Gecko) Chrome/141.0.7390.122 Mobile Safari/537.36 (compatible; Googlebot/2.1; +http://www.google.com/bot.html)"
66.249.68.34 - - [10/Dec/2025:16:43:55 +0600] "GET /ammika.php?shop/unadamant/ammonoids2855720142.html HTTP/1.1" 404 5052 "-" "Mozilla/5.0 (Linux; Android 6.0.1; Nexus 5X Build/MMB29P) AppleWebKit/537.36 (KHTML, like Gecko) Chrome/141.0.7390.122 Mobile Safari/537.36 (compatible; Googlebot/2.1; +http://www.google.com/bot.html)"
66.249.68.34 - - [10/Dec/2025:16:43:58 +0600] "GET /ammika.php?shop/handicraftsmanship/sonantal66183416506.html HTTP/1.1" 404 5052 "-" "Mozilla/5.0 (Linux; Android 6.0.1; Nexus 5X Build/MMB29P) AppleWebKit/537.36 (KHTML, like Gecko) Chrome/141.0.7390.122 Mobile Safari/537.36 (compatible; Googlebot/2.1; +http://www.google.com/bot.html)"
66.249.68.34 - - [10/Dec/2025:16:44:03 +0600] "GET /ammika.php?shop/pleiophylly/micropenis27430485016.html HTTP/1.1" 404 5052 "-" "Mozilla/5.0 (Linux; Android 6.0.1; Nexus 5X Build/MMB29P) AppleWebKit/537.36 (KHTML, like Gecko) Chrome/141.0.7390.122 Mobile Safari/537.36 (compatible; Googlebot/2.1; +http://www.google.com/bot.html)"
66.249.68.33 - - [10/Dec/2025:16:44:13 +0600] "GET /ammika.php?shop/leucorrheal/morphologists23465154900.html HTTP/1.1" 404 5052 "-" "Mozilla/5.0 (compatible; Googlebot/2.1; +http://www.google.com/bot.html)"
66.249.68.35 - - [10/Dec/2025:16:49:41 +0600] "GET /ammika.php?shop/bermudite/fitcher21681356530.html HTTP/1.1" 404 5052 "-" "Mozilla/5.0 (Linux; Android 6.0.1; Nexus 5X Build/MMB29P) AppleWebKit/537.36 (KHTML, like Gecko) Chrome/141.0.7390.122 Mobile Safari/537.36 (compatible; Googlebot/2.1; +http://www.google.com/bot.html)"
66.249.68.35 - - [10/Dec/2025:16:50:47 +0600] "GET /saiga.php?shop/aviators/mozambique244750.html HTTP/1.1" 404 5052 "-" "Mozilla/5.0 (Linux; Android 6.0.1; Nexus 5X Build/MMB29P) AppleWebKit/537.36 (KHTML, like Gecko) Chrome/141.0.7390.122 Mobile Safari/537.36 (compatible; Googlebot/2.1; +http://www.google.com/bot.html)"
66.249.68.35 - - [10/Dec/2025:16:51:35 +0600] "GET /saiga.php?shop/liquefier/elucidators76663.html HTTP/1.1" 404 5052 "-" "Mozilla/5.0 (compatible; Googlebot/2.1; +http://www.google.com/bot.html)"
66.249.68.34 - - [10/Dec/2025:16:51:40 +0600] "GET /saiga.php?shop/liquefier/elucidators76663.html HTTP/1.1" 404 5052 "-" "Mozilla/5.0 (Linux; Android 6.0.1; Nexus 5X Build/MMB29P) AppleWebKit/537.36 (KHTML, like Gecko) Chrome/141.0.7390.122 Mobile Safari/537.36 (compatible; Googlebot/2.1; +http://www.google.com/bot.html)"
66.249.68.35 - - [10/Dec/2025:16:57:27 +0600] "GET /saiga.php?shop/disunifying/unenviability54648.html HTTP/1.1" 404 5052 "-" "Mozilla/5.0 (Linux; Android 6.0.1; Nexus 5X Build/MMB29P) AppleWebKit/537.36 (KHTML, like Gecko) Chrome/141.0.7390.122 Mobile Safari/537.36 (compatible; Googlebot/2.1; +http://www.google.com/bot.html)"
66.249.68.33 - - [10/Dec/2025:16:57:34 +0600] "GET /?i=81052273506101 HTTP/1.1" 200 14121 "-" "Mozilla/5.0 (Linux; Android 6.0.1; Nexus 5X Build/MMB29P) AppleWebKit/537.36 (KHTML, like Gecko) Chrome/141.0.7390.122 Mobile Safari/537.36 (compatible; Googlebot/2.1; +http://www.google.com/bot.html)"
66.249.68.34 - - [10/Dec/2025:16:57:38 +0600] "GET /ammika.php?shop/aphrodisia/portray44426275907.html HTTP/1.1" 404 5052 "-" "Mozilla/5.0 (Linux; Android 6.0.1; Nexus 5X Build/MMB29P) AppleWebKit/537.36 (KHTML, like Gecko) Chrome/141.0.7390.122 Mobile Safari/537.36 (compatible; Googlebot/2.1; +http://www.google.com/bot.html)"
66.249.68.33 - - [10/Dec/2025:17:03:03 +0600] "GET /ammika.php?shop/trembliest/itaconate27430251330.html HTTP/1.1" 404 5052 "-" "Mozilla/5.0 (compatible; Googlebot/2.1; +http://www.google.com/bot.html)"
74.7.243.200 - - [10/Dec/2025:17:03:54 +0600] "GET / HTTP/2" 200 14226 "-" "Mozilla/5.0 AppleWebKit/537.36 (KHTML, like Gecko; compatible; GPTBot/1.3; +https://openai.com/gptbot)"
74.7.243.200 - - [10/Dec/2025:17:03:57 +0600] "GET /storage/app/public/company/2025-12-09-69381edc0739e.webp HTTP/2" 200 466472 "-" "Mozilla/5.0 AppleWebKit/537.36 (KHTML, like Gecko; compatible; GPTBot/1.3; +https://openai.com/gptbot)"
74.7.243.200 - - [10/Dec/2025:17:04:00 +0600] "GET /products?data_from=category&id=60&page=1 HTTP/2" 200 15372 "-" "Mozilla/5.0 AppleWebKit/537.36 (KHTML, like Gecko; compatible; GPTBot/1.3; +https://openai.com/gptbot)"
74.7.243.200 - - [10/Dec/2025:17:04:02 +0600] "GET /storage/app/public/banner/2025-12-09-69381f9cd7baf.webp HTTP/2" 200 110796 "-" "Mozilla/5.0 AppleWebKit/537.36 (KHTML, like Gecko; compatible; GPTBot/1.3; +https://openai.com/gptbot)"
74.7.243.200 - - [10/Dec/2025:17:04:05 +0600] "GET /storage/app/public/company/2025-12-09-69381ed7150b1.webp HTTP/2" 200 466472 "-" "Mozilla/5.0 AppleWebKit/537.36 (KHTML, like Gecko; compatible; GPTBot/1.3; +https://openai.com/gptbot)"
74.7.243.200 - - [10/Dec/2025:17:04:07 +0600] "GET /product/half-zipper-sweater-mafler-assique-tupi-combo-tG1GjU HTTP/2" 200 19747 "-" "Mozilla/5.0 AppleWebKit/537.36 (KHTML, like Gecko; compatible; GPTBot/1.3; +https://openai.com/gptbot)"
74.7.243.200 - - [10/Dec/2025:17:04:08 +0600] "GET /product/half-zipper-sweater-ovSp7A HTTP/2" 200 19910 "-" "Mozilla/5.0 AppleWebKit/537.36 (KHTML, like Gecko; compatible; GPTBot/1.3; +https://openai.com/gptbot)"
74.7.243.200 - - [10/Dec/2025:17:04:10 +0600] "GET /product/aashiqui-pZoeTt HTTP/2" 200 18894 "-" "Mozilla/5.0 AppleWebKit/537.36 (KHTML, like Gecko; compatible; GPTBot/1.3; +https://openai.com/gptbot)"
74.7.243.200 - - [10/Dec/2025:17:04:12 +0600] "GET /storage/app/public/product/thumbnail/2025-12-09-693824ee5be15.webp HTTP/2" 200 95640 "-" "Mozilla/5.0 AppleWebKit/537.36 (KHTML, like Gecko; compatible; GPTBot/1.3; +https://openai.com/gptbot)"
74.7.243.200 - - [10/Dec/2025:17:04:13 +0600] "GET /storage/app/public/company/2025-12-09-69381edd9c788.webp HTTP/2" 200 466472 "-" "Mozilla/5.0 AppleWebKit/537.36 (KHTML, like Gecko; compatible; GPTBot/1.3; +https://openai.com/gptbot)"
74.7.243.200 - - [10/Dec/2025:17:04:14 +0600] "GET /storage/app/public/product/thumbnail/2025-12-09-69382542c07a2.webp HTTP/2" 200 82680 "-" "Mozilla/5.0 AppleWebKit/537.36 (KHTML, like Gecko; compatible; GPTBot/1.3; +https://openai.com/gptbot)"
74.7.243.200 - - [10/Dec/2025:17:04:15 +0600] "GET /storage/app/public/company/2025-12-09-69381eda5c5de.webp HTTP/2" 200 466472 "-" "Mozilla/5.0 AppleWebKit/537.36 (KHTML, like Gecko; compatible; GPTBot/1.3; +https://openai.com/gptbot)"
74.7.243.200 - - [10/Dec/2025:17:04:16 +0600] "GET /storage/app/public/company/2025-12-09-69381ed8b34a2.webp HTTP/2" 200 466472 "-" "Mozilla/5.0 AppleWebKit/537.36 (KHTML, like Gecko; compatible; GPTBot/1.3; +https://openai.com/gptbot)"
74.7.243.200 - - [10/Dec/2025:17:04:17 +0600] "GET /storage/app/public/product/thumbnail/2025-12-09-6938244ae387e.webp HTTP/2" 200 58672 "-" "Mozilla/5.0 AppleWebKit/537.36 (KHTML, like Gecko; compatible; GPTBot/1.3; +https://openai.com/gptbot)"
74.7.243.200 - - [10/Dec/2025:17:04:18 +0600] "GET /storage/app/public/product/thumbnail/2025-12-09-693823bdc6f15.webp HTTP/2" 200 166100 "-" "Mozilla/5.0 AppleWebKit/537.36 (KHTML, like Gecko; compatible; GPTBot/1.3; +https://openai.com/gptbot)"
66.249.68.33 - - [10/Dec/2025:17:04:19 +0600] "GET /ammika.php?shop/gracefulness/deistic44426168805.html HTTP/1.1" 404 5052 "-" "Mozilla/5.0 (Linux; Android 6.0.1; Nexus 5X Build/MMB29P) AppleWebKit/537.36 (KHTML, like Gecko) Chrome/141.0.7390.122 Mobile Safari/537.36 (compatible; Googlebot/2.1; +http://www.google.com/bot.html)"
74.7.243.200 - - [10/Dec/2025:17:04:19 +0600] "GET /product/-nubD4r HTTP/2" 200 19372 "-" "Mozilla/5.0 AppleWebKit/537.36 (KHTML, like Gecko; compatible; GPTBot/1.3; +https://openai.com/gptbot)"
74.7.243.200 - - [10/Dec/2025:17:04:19 +0600] "GET /storage/app/public/product/2025-12-09-693823bd56c12.webp HTTP/2" 200 457886 "-" "Mozilla/5.0 AppleWebKit/537.36 (KHTML, like Gecko; compatible; GPTBot/1.3; +https://openai.com/gptbot)"
74.7.243.200 - - [10/Dec/2025:17:04:20 +0600] "GET /storage/app/public/product/2025-12-09-6938254266a31.webp HTTP/2" 200 116902 "-" "Mozilla/5.0 AppleWebKit/537.36 (KHTML, like Gecko; compatible; GPTBot/1.3; +https://openai.com/gptbot)"
74.7.243.200 - - [10/Dec/2025:17:04:21 +0600] "GET /storage/app/public/product/2025-12-09-6938244aafe42.webp HTTP/2" 200 288018 "-" "Mozilla/5.0 AppleWebKit/537.36 (KHTML, like Gecko; compatible; GPTBot/1.3; +https://openai.com/gptbot)"
74.7.243.200 - - [10/Dec/2025:17:04:21 +0600] "GET /storage/app/public/product/2025-12-09-6938244a81ba5.webp HTTP/2" 200 58672 "-" "Mozilla/5.0 AppleWebKit/537.36 (KHTML, like Gecko; compatible; GPTBot/1.3; +https://openai.com/gptbot)"
74.7.243.200 - - [10/Dec/2025:17:04:22 +0600] "GET /storage/app/public/product/2025-12-09-693823bd3a755.webp HTTP/2" 200 166100 "-" "Mozilla/5.0 AppleWebKit/537.36 (KHTML, like Gecko; compatible; GPTBot/1.3; +https://openai.com/gptbot)"
74.7.243.200 - - [10/Dec/2025:17:04:22 +0600] "GET /storage/app/public/product/2025-12-09-693825423a129.webp HTTP/2" 200 163718 "-" "Mozilla/5.0 AppleWebKit/537.36 (KHTML, like Gecko; compatible; GPTBot/1.3; +https://openai.com/gptbot)"
74.7.243.200 - - [10/Dec/2025:17:04:23 +0600] "GET /storage/app/public/product/2025-12-09-693823bd1479a.webp HTTP/2" 200 148214 "-" "Mozilla/5.0 AppleWebKit/537.36 (KHTML, like Gecko; compatible; GPTBot/1.3; +https://openai.com/gptbot)"
74.7.243.200 - - [10/Dec/2025:17:04:23 +0600] "GET /storage/app/public/product/2025-12-09-693823bd6e387.webp HTTP/2" 200 300468 "-" "Mozilla/5.0 AppleWebKit/537.36 (KHTML, like Gecko; compatible; GPTBot/1.3; +https://openai.com/gptbot)"
74.7.243.200 - - [10/Dec/2025:17:04:24 +0600] "GET /storage/app/public/product/2025-12-09-6938244a98fb9.webp HTTP/2" 200 262230 "-" "Mozilla/5.0 AppleWebKit/537.36 (KHTML, like Gecko; compatible; GPTBot/1.3; +https://openai.com/gptbot)"
74.7.243.200 - - [10/Dec/2025:17:04:24 +0600] "GET /storage/app/public/product/2025-12-09-693823bcf262b.webp HTTP/2" 200 163462 "-" "Mozilla/5.0 AppleWebKit/537.36 (KHTML, like Gecko; compatible; GPTBot/1.3; +https://openai.com/gptbot)"
66.249.68.33 - - [10/Dec/2025:17:04:25 +0600] "GET /ammika.php?shop/gracefulness/deistic44426168805.html HTTP/1.1" 404 5052 "-" "Mozilla/5.0 (compatible; Googlebot/2.1; +http://www.google.com/bot.html)"
74.7.243.200 - - [10/Dec/2025:17:04:25 +0600] "GET /storage/app/public/product/2025-12-09-693824ebe8ab2.webp HTTP/2" 200 3758280 "-" "Mozilla/5.0 AppleWebKit/537.36 (KHTML, like Gecko; compatible; GPTBot/1.3; +https://openai.com/gptbot)"
74.7.243.200 - - [10/Dec/2025:17:04:27 +0600] "GET /storage/app/public/product/2025-12-09-693823bd80ac1.webp HTTP/2" 200 116902 "-" "Mozilla/5.0 AppleWebKit/537.36 (KHTML, like Gecko; compatible; GPTBot/1.3; +https://openai.com/gptbot)"
74.7.243.200 - - [10/Dec/2025:17:04:27 +0600] "GET /storage/app/public/product/2025-12-09-693823bd27a6b.webp HTTP/2" 200 149852 "-" "Mozilla/5.0 AppleWebKit/537.36 (KHTML, like Gecko; compatible; GPTBot/1.3; +https://openai.com/gptbot)"
74.7.243.200 - - [10/Dec/2025:17:04:28 +0600] "GET /storage/app/public/product/2025-12-09-693824e9ddc08.webp HTTP/2" 200 95640 "-" "Mozilla/5.0 AppleWebKit/537.36 (KHTML, like Gecko; compatible; GPTBot/1.3; +https://openai.com/gptbot)"
74.7.243.200 - - [10/Dec/2025:17:04:28 +0600] "GET /storage/app/public/product/2025-12-09-6938254254f8e.webp HTTP/2" 200 428870 "-" "Mozilla/5.0 AppleWebKit/537.36 (KHTML, like Gecko; compatible; GPTBot/1.3; +https://openai.com/gptbot)"
74.7.243.200 - - [10/Dec/2025:17:04:29 +0600] "GET /storage/app/public/product/2025-12-09-693824eadf241.webp HTTP/2" 200 3389538 "-" "Mozilla/5.0 AppleWebKit/537.36 (KHTML, like Gecko; compatible; GPTBot/1.3; +https://openai.com/gptbot)"
74.7.243.200 - - [10/Dec/2025:17:04:30 +0600] "GET /storage/app/public/product/2025-12-09-693823bcdeee8.webp HTTP/2" 200 132578 "-" "Mozilla/5.0 AppleWebKit/537.36 (KHTML, like Gecko; compatible; GPTBot/1.3; +https://openai.com/gptbot)"
74.7.243.200 - - [10/Dec/2025:17:04:31 +0600] "GET /public/assets/front-end/img/icons/empty-review.svg HTTP/2" 200 922 "-" "Mozilla/5.0 AppleWebKit/537.36 (KHTML, like Gecko; compatible; GPTBot/1.3; +https://openai.com/gptbot)"
74.7.243.200 - - [10/Dec/2025:17:04:31 +0600] "GET /product/facebook.com HTTP/2" 302 194 "-" "Mozilla/5.0 AppleWebKit/537.36 (KHTML, like Gecko; compatible; GPTBot/1.3; +https://openai.com/gptbot)"
74.7.243.200 - - [10/Dec/2025:17:04:31 +0600] "GET /product/-nubD4r HTTP/2" 200 19575 "-" "Mozilla/5.0 AppleWebKit/537.36 (KHTML, like Gecko; compatible; GPTBot/1.3; +https://openai.com/gptbot)"
74.7.243.200 - - [10/Dec/2025:17:04:32 +0600] "GET /products?data_from=discounted&page=1 HTTP/2" 200 15656 "-" "Mozilla/5.0 AppleWebKit/537.36 (KHTML, like Gecko; compatible; GPTBot/1.3; +https://openai.com/gptbot)"
74.7.243.200 - - [10/Dec/2025:17:04:32 +0600] "GET /products?data_from=category&id=61&page=1 HTTP/2" 200 15338 "-" "Mozilla/5.0 AppleWebKit/537.36 (KHTML, like Gecko; compatible; GPTBot/1.3; +https://openai.com/gptbot)"
74.7.243.200 - - [10/Dec/2025:17:04:33 +0600] "GET /public/assets/front-end/css/product-details.css HTTP/2" 200 1401 "-" "Mozilla/5.0 AppleWebKit/537.36 (KHTML, like Gecko; compatible; GPTBot/1.3; +https://openai.com/gptbot)"
66.249.68.33 - - [10/Dec/2025:17:04:41 +0600] "GET /ammika.php?shop/restorers/preworthiness49267392561.html HTTP/1.1" 404 5052 "-" "Mozilla/5.0 (Linux; Android 6.0.1; Nexus 5X Build/MMB29P) AppleWebKit/537.36 (KHTML, like Gecko) Chrome/141.0.7390.122 Mobile Safari/537.36 (compatible; Googlebot/2.1; +http://www.google.com/bot.html)"
66.249.68.33 - - [10/Dec/2025:17:04:51 +0600] "GET /ammika.php?shop/galleon/paleomagnetist60377384317.html HTTP/1.1" 404 5052 "-" "Mozilla/5.0 (Linux; Android 6.0.1; Nexus 5X Build/MMB29P) AppleWebKit/537.36 (KHTML, like Gecko) Chrome/141.0.7390.122 Mobile Safari/537.36 (compatible; Googlebot/2.1; +http://www.google.com/bot.html)"
66.249.68.35 - - [10/Dec/2025:17:06:45 +0600] "GET /ammika.php?shop/sigillary/blackstrap23465452614.html HTTP/1.1" 404 5052 "-" "Mozilla/5.0 (Linux; Android 6.0.1; Nexus 5X Build/MMB29P) AppleWebKit/537.36 (KHTML, like Gecko) Chrome/141.0.7390.122 Mobile Safari/537.36 (compatible; Googlebot/2.1; +http://www.google.com/bot.html)"
66.249.68.34 - - [10/Dec/2025:17:06:50 +0600] "GET /ammika.php?shop/sigillary/blackstrap23465452614.html HTTP/1.1" 404 5052 "-" "Mozilla/5.0 (compatible; Googlebot/2.1; +http://www.google.com/bot.html)"
66.249.68.34 - - [10/Dec/2025:17:06:53 +0600] "GET /ammika.php?shop/nonconjecturable/colorers27430351998.html HTTP/1.1" 404 5052 "-" "Mozilla/5.0 (Linux; Android 6.0.1; Nexus 5X Build/MMB29P) AppleWebKit/537.36 (KHTML, like Gecko) Chrome/141.0.7390.122 Mobile Safari/537.36 (compatible; Googlebot/2.1; +http://www.google.com/bot.html)"
66.249.68.34 - - [10/Dec/2025:17:07:57 +0600] "GET /ammika.php?shop/tailforemost/dodecarch66183268833.html HTTP/1.1" 404 5052 "-" "Mozilla/5.0 (Linux; Android 6.0.1; Nexus 5X Build/MMB29P) AppleWebKit/537.36 (KHTML, like Gecko) Chrome/141.0.7390.122 Mobile Safari/537.36 (compatible; Googlebot/2.1; +http://www.google.com/bot.html)"
66.249.68.35 - - [10/Dec/2025:17:08:40 +0600] "GET /ammika.php?shop/fairgrass/furbish60377262878.html HTTP/1.1" 404 5052 "-" "Mozilla/5.0 (compatible; Googlebot/2.1; +http://www.google.com/bot.html)"
66.249.68.35 - - [10/Dec/2025:17:10:28 +0600] "GET /ammika.php?shop/phosphorize/unsluice27430461020.html HTTP/1.1" 404 5052 "-" "Mozilla/5.0 (Linux; Android 6.0.1; Nexus 5X Build/MMB29P) AppleWebKit/537.36 (KHTML, like Gecko) Chrome/141.0.7390.122 Mobile Safari/537.36 (compatible; Googlebot/2.1; +http://www.google.com/bot.html)"
66.249.68.34 - - [10/Dec/2025:17:13:47 +0600] "GET /ammika.php?shop/nonskeptical/lotuses60377364473.html HTTP/1.1" 404 5052 "-" "Mozilla/5.0 (Linux; Android 6.0.1; Nexus 5X Build/MMB29P) AppleWebKit/537.36 (KHTML, like Gecko) Chrome/141.0.7390.122 Mobile Safari/537.36 (compatible; Googlebot/2.1; +http://www.google.com/bot.html)"
66.249.68.35 - - [10/Dec/2025:17:13:49 +0600] "GET /saiga.php?shop/intrasellar/multimegaton442199.html HTTP/1.1" 404 5052 "-" "Mozilla/5.0 (compatible; Googlebot/2.1; +http://www.google.com/bot.html)"
66.249.68.35 - - [10/Dec/2025:17:13:49 +0600] "GET /ammika.php?shop/fillagree/echinococcosis20671259803.html HTTP/1.1" 404 5052 "-" "Mozilla/5.0 (Linux; Android 6.0.1; Nexus 5X Build/MMB29P) AppleWebKit/537.36 (KHTML, like Gecko) Chrome/141.0.7390.122 Mobile Safari/537.36 (compatible; Googlebot/2.1; +http://www.google.com/bot.html)"
66.249.68.35 - - [10/Dec/2025:17:14:01 +0600] "GET /ammika.php?shop/snappage/timeservers27430319983.html HTTP/1.1" 404 5052 "-" "Mozilla/5.0 (compatible; Googlebot/2.1; +http://www.google.com/bot.html)"
66.249.68.34 - - [10/Dec/2025:17:14:07 +0600] "GET /ammika.php?shop/snappage/timeservers27430319983.html HTTP/1.1" 404 5052 "-" "Mozilla/5.0 (Linux; Android 6.0.1; Nexus 5X Build/MMB29P) AppleWebKit/537.36 (KHTML, like Gecko) Chrome/141.0.7390.122 Mobile Safari/537.36 (compatible; Googlebot/2.1; +http://www.google.com/bot.html)"
66.249.68.33 - - [10/Dec/2025:17:14:24 +0600] "GET /ammika.php?shop/jodhpurs/coplowing3640156360.html HTTP/1.1" 404 5052 "-" "Mozilla/5.0 (Linux; Android 6.0.1; Nexus 5X Build/MMB29P) AppleWebKit/537.36 (KHTML, like Gecko) Chrome/141.0.7390.122 Mobile Safari/537.36 (compatible; Googlebot/2.1; +http://www.google.com/bot.html)"
66.249.68.34 - - [10/Dec/2025:17:15:24 +0600] "GET /ammika.php?shop/studiable/mucoserous44426349193.html HTTP/1.1" 404 5052 "-" "Mozilla/5.0 (compatible; Googlebot/2.1; +http://www.google.com/bot.html)"
66.249.68.35 - - [10/Dec/2025:17:17:04 +0600] "GET /?i=0799833411201 HTTP/1.1" 200 14122 "-" "Mozilla/5.0 (Linux; Android 6.0.1; Nexus 5X Build/MMB29P) AppleWebKit/537.36 (KHTML, like Gecko) Chrome/141.0.7390.122 Mobile Safari/537.36 (compatible; Googlebot/2.1; +http://www.google.com/bot.html)"
66.249.68.34 - - [10/Dec/2025:17:17:23 +0600] "GET /ammika.php?shop/zootomic/metrifier20671156998.html HTTP/1.1" 404 5052 "-" "Mozilla/5.0 (compatible; Googlebot/2.1; +http://www.google.com/bot.html)"
66.249.68.33 - - [10/Dec/2025:17:19:28 +0600] "GET /ammika.php?shop/desmogen/weatherboard49267134728.html HTTP/1.1" 404 5052 "-" "Mozilla/5.0 (Linux; Android 6.0.1; Nexus 5X Build/MMB29P) AppleWebKit/537.36 (KHTML, like Gecko) Chrome/141.0.7390.122 Mobile Safari/537.36 (compatible; Googlebot/2.1; +http://www.google.com/bot.html)"
66.249.68.34 - - [10/Dec/2025:17:23:59 +0600] "GET /ammika.php?shop/intercalary/redamation27430461962.html HTTP/1.1" 404 5052 "-" "Mozilla/5.0 (compatible; Googlebot/2.1; +http://www.google.com/bot.html)"
66.249.68.34 - - [10/Dec/2025:17:25:46 +0600] "GET /ammika.php?shop/tollies/muttonhead28557131376.html HTTP/1.1" 404 5052 "-" "Mozilla/5.0 (compatible; Googlebot/2.1; +http://www.google.com/bot.html)"
66.249.68.33 - - [10/Dec/2025:17:28:43 +0600] "GET /ammika.php?shop/clough/befogging36401371986.html HTTP/1.1" 404 5052 "-" "Mozilla/5.0 (Linux; Android 6.0.1; Nexus 5X Build/MMB29P) AppleWebKit/537.36 (KHTML, like Gecko) Chrome/141.0.7390.122 Mobile Safari/537.36 (compatible; Googlebot/2.1; +http://www.google.com/bot.html)"
66.249.68.33 - - [10/Dec/2025:17:31:27 +0600] "GET /ammika.php?shop/goaltending/recoils21681387616.html HTTP/1.1" 404 5052 "-" "Mozilla/5.0 (Linux; Android 6.0.1; Nexus 5X Build/MMB29P) AppleWebKit/537.36 (KHTML, like Gecko) Chrome/141.0.7390.122 Mobile Safari/537.36 (compatible; Googlebot/2.1; +http://www.google.com/bot.html)"
66.249.68.35 - - [10/Dec/2025:17:31:29 +0600] "GET /ammika.php?shop/medallary/imager66183118993.html HTTP/1.1" 404 5052 "-" "Mozilla/5.0 (compatible; Googlebot/2.1; +http://www.google.com/bot.html)"
66.249.68.33 - - [10/Dec/2025:17:31:36 +0600] "GET /ammika.php?shop/quotidianly/toxostoma28557263713.html HTTP/1.1" 404 5052 "-" "Mozilla/5.0 (Linux; Android 6.0.1; Nexus 5X Build/MMB29P) AppleWebKit/537.36 (KHTML, like Gecko) Chrome/141.0.7390.122 Mobile Safari/537.36 (compatible; Googlebot/2.1; +http://www.google.com/bot.html)"
66.249.68.33 - - [10/Dec/2025:17:31:50 +0600] "GET /ammika.php?shop/mesiad/undeferrable27430365342.html HTTP/1.1" 404 5052 "-" "Mozilla/5.0 (Linux; Android 6.0.1; Nexus 5X Build/MMB29P) AppleWebKit/537.36 (KHTML, like Gecko) Chrome/141.0.7390.122 Mobile Safari/537.36 (compatible; Googlebot/2.1; +http://www.google.com/bot.html)"
66.249.68.33 - - [10/Dec/2025:17:35:13 +0600] "GET /?i=48879285431700 HTTP/1.1" 500 592 "-" "Mozilla/5.0 (Linux; Android 6.0.1; Nexus 5X Build/MMB29P) AppleWebKit/537.36 (KHTML, like Gecko) Chrome/141.0.7390.122 Mobile Safari/537.36 (compatible; Googlebot/2.1; +http://www.google.com/bot.html)"
104.210.140.133 - - [10/Dec/2025:17:35:32 +0600] "GET /robots.txt HTTP/2" 200 102 "-" "Mozilla/5.0 (Macintosh; Intel Mac OS X 10_15_7) AppleWebKit/537.36 (KHTML, like Gecko) Chrome/131.0.0.0 Safari/537.36; compatible; OAI-SearchBot/1.0; +https://openai.com/searchbot"